{"id":239,"date":"2023-01-16T18:10:09","date_gmt":"2023-01-16T17:10:09","guid":{"rendered":"https:\/\/fascia.cz\/wordpress\/?page_id=239"},"modified":"2023-01-30T09:32:11","modified_gmt":"2023-01-30T08:32:11","slug":"nas-tym","status":"publish","type":"page","link":"https:\/\/fascia.cz\/wordpress\/nas-tym\/","title":{"rendered":"N\u00e1\u0161 t\u00fdm"},"content":{"rendered":"<p>[et_pb_section fb_built=&#8220;1&#8243; custom_padding_last_edited=&#8220;on|phone&#8220; admin_label=&#8220;Header&#8220; _builder_version=&#8220;4.19.4&#8243; background_color=&#8220;#e61845&#8243; background_enable_image=&#8220;off&#8220; background_position=&#8220;top_center&#8220; background_vertical_offset=&#8220;21%&#8220; max_height=&#8220;100px&#8220; custom_padding=&#8220;0vw|0px|0vw|0px|true|true&#8220; custom_padding_tablet=&#8220;|10vw||&#8220; custom_padding_phone=&#8220;&#8220; global_colors_info=&#8220;{}&#8220; box_shadow_style__hover=&#8220;none&#8220; box_shadow_style__hover_enabled=&#8220;none&#8220; box_shadow_color__hover=&#8220;rgba(0,0,0,0.3)&#8220; box_shadow_color__hover_enabled=&#8220;rgba(0,0,0,0.3)&#8220;][et_pb_row _builder_version=&#8220;4.19.4&#8243; vertical_offset=&#8220;0px&#8220; custom_padding=&#8220;27px|0px|100px|0px|false|false&#8220; global_colors_info=&#8220;{}&#8220; parallax_1__hover=&#8220;off&#8220; parallax_1__hover_enabled=&#8220;off&#8220; parallax_2__hover=&#8220;off&#8220; parallax_2__hover_enabled=&#8220;off&#8220; parallax_3__hover=&#8220;off&#8220; parallax_3__hover_enabled=&#8220;off&#8220; parallax_4__hover=&#8220;off&#8220; parallax_4__hover_enabled=&#8220;off&#8220; parallax_method_1__hover=&#8220;on&#8220; parallax_method_1__hover_enabled=&#8220;on&#8220; parallax_method_2__hover=&#8220;on&#8220; parallax_method_2__hover_enabled=&#8220;on&#8220; parallax_method_3__hover=&#8220;on&#8220; parallax_method_3__hover_enabled=&#8220;on&#8220; parallax_method_4__hover=&#8220;on&#8220; parallax_method_4__hover_enabled=&#8220;on&#8220;][et_pb_column type=&#8220;4_4&#8243; _builder_version=&#8220;4.16&#8243; custom_padding=&#8220;|||&#8220; global_colors_info=&#8220;{}&#8220; custom_padding__hover=&#8220;|||&#8220;][et_pb_post_title meta=&#8220;off&#8220; featured_image=&#8220;off&#8220; text_color=&#8220;light&#8220; _builder_version=&#8220;4.19.4&#8243; _module_preset=&#8220;default&#8220; text_orientation=&#8220;center&#8220; global_colors_info=&#8220;{}&#8220;][\/et_pb_post_title][\/et_pb_column][\/et_pb_row][\/et_pb_section][et_pb_section fb_built=&#8220;1&#8243; _builder_version=&#8220;4.19.4&#8243; _module_preset=&#8220;default&#8220; global_colors_info=&#8220;{}&#8220;][et_pb_row column_structure=&#8220;1_2,1_2&#8243; _builder_version=&#8220;4.19.4&#8243; _module_preset=&#8220;default&#8220; width=&#8220;85%&#8220; max_width=&#8220;1400px&#8220; border_width_all=&#8220;20px&#8220; border_color_all=&#8220;#FFFFFF&#8220; global_colors_info=&#8220;{}&#8220;][et_pb_column type=&#8220;1_2&#8243; _builder_version=&#8220;4.19.4&#8243; _module_preset=&#8220;default&#8220; global_colors_info=&#8220;{}&#8220;][et_pb_text _builder_version=&#8220;4.19.4&#8243; _module_preset=&#8220;default&#8220; text_line_height=&#8220;1.9em&#8220; global_colors_info=&#8220;{}&#8220;]<\/p>\n<h3>PhDr. Michal Peroutka<\/h3>\n<p><strong>Zakladatel a hlavn\u00ed fyzioterapeut<\/strong><\/p>\n<p><strong>Michal se v\u011bnuje fyzioterapii od roku 2009 kdy ukon\u010dil bakal\u00e1\u0159sk\u00e9 studium oboru Fyzioterapie. V roce 2019 \u00fasp\u011b\u0161n\u011b slo\u017eil rigor\u00f3zn\u00ed zkou\u0161ku tak\u00e9 v oboru Fyzioterapie. B\u011bhem sv\u00e9 praxe spolupracuje s mnoha zahrani\u010dn\u00edmi odborn\u00edky.<\/strong><\/p>\n<p>Mimo jin\u00e9 se v\u011bnuje v\u00fduce nov\u00fdch fyzioterapeut\u016f na vysok\u00e9 \u0161kole a ve spojen\u00ed s lektorskou \u010dinnost\u00ed pat\u0159\u00ed mezi p\u0159edn\u00ed \u010desk\u00e9 fyzioterapeuty. Mnohaletou ambulantn\u00ed praxi vykon\u00e1val nap\u0159\u00edklad na RHB Klinice Malvazinky v Praze a spolupracuje tak\u00e9 s profesion\u00e1ln\u00edmi sportovci. Krom\u011b na\u0161\u00ed kliniky ho m\u016f\u017eete naj\u00edt i v t\u00fdmu rehabilita\u010dn\u00edho centra CRIMED v Pod\u011bbradech. Neust\u00e1le sleduje nejnov\u011bj\u0161\u00ed poznatky v manu\u00e1ln\u00ed medic\u00edn\u011b a sportovn\u00ed fyzioterapii. Je t\u00e9m\u011b\u0159 10 let \u010dlenem mezin\u00e1rodn\u00edho v\u00fdzkumn\u00e9ho t\u00fdmu Dr. Kenza Kase &#8211; autora metody Kinesio\uf0d2 Taping a zakladatele Kinesio\uf0d2 Taping Association International. Jako prvn\u00ed Certified Kinesio\uf0d2 Taping Instructor pro \u010cR a SR se v\u011bnuje i v\u00fduce t\u00e9to metody. Je tak\u00e9 pr\u016fkopn\u00edkem inovativn\u00edho diagnostick\u00e9ho i terapeutick\u00e9ho modelu Fascial Distortion Model na \u00fazem\u00ed \u010cR a SR. Je jedn\u00edm ze dvou prvn\u00edch absolvent\u016f nejvy\u0161\u0161\u00edho vzd\u011bl\u00e1n\u00ed v tomto modelu v \u010cR a SR. Spolupracuje s evropskou asociac\u00ed EFDMA a pod\u00edl\u00ed se na v\u00fduce tohoto modelu v \u010cR a SR. Fascia Clinic Prague se tak \u0159ad\u00ed na p\u0159edn\u00ed m\u00edsto v r\u00e1mci \u010cR a SR kde je na z\u00e1kladech tohoto terapeutick\u00e9ho modelu postaven komplexn\u00ed p\u0159\u00edstup k pacientovi.<\/p>\n<p>Michal se ve sv\u00e9 praxi specializuje na myofasci\u00e1ln\u00ed problematiku, manu\u00e1ln\u00ed medic\u00ednu, sportovn\u00ed fyzioterapii, diagnostiku pohybov\u00e9ho apar\u00e1tu.<\/p>\n<p>[\/et_pb_text][\/et_pb_column][et_pb_column type=&#8220;1_2&#8243; _builder_version=&#8220;4.19.4&#8243; _module_preset=&#8220;default&#8220; global_colors_info=&#8220;{}&#8220;][et_pb_image src=&#8220;https:\/\/fascia.cz\/wordpress\/wp-content\/uploads\/2023\/01\/foto-ja.jpg&#8220; title_text=&#8220;PhDr. Michal Peroutka&#8220; _builder_version=&#8220;4.19.4&#8243; _module_preset=&#8220;default&#8220; hover_enabled=&#8220;0&#8243; global_colors_info=&#8220;{}&#8220; sticky_enabled=&#8220;0&#8243; width=&#8220;70%&#8220;][\/et_pb_image][\/et_pb_column][\/et_pb_row][\/et_pb_section][et_pb_section fb_built=&#8220;1&#8243; admin_label=&#8220;Service&#8220; _builder_version=&#8220;4.19.4&#8243; background_color=&#8220;#e61845&#8243; min_height=&#8220;902px&#8220; custom_margin=&#8220;||-504px|||&#8220; custom_padding=&#8220;0|0px|1px|0px|false|false&#8220; global_colors_info=&#8220;{}&#8220;][et_pb_row _builder_version=&#8220;4.19.4&#8243; _module_preset=&#8220;default&#8220; global_colors_info=&#8220;{}&#8220;][et_pb_column type=&#8220;4_4&#8243; _builder_version=&#8220;4.19.4&#8243; _module_preset=&#8220;default&#8220; global_colors_info=&#8220;{}&#8220;][et_pb_text _builder_version=&#8220;4.19.4&#8243; _module_preset=&#8220;default&#8220; global_colors_info=&#8220;{}&#8220;]<\/p>\n<h2 style=\"text-align: center;\"><span style=\"color: #ffffff;\">Absolvovan\u00e9 kurzy<\/span><\/h2>\n<p>[\/et_pb_text][\/et_pb_column][\/et_pb_row][et_pb_row column_structure=&#8220;1_3,1_3,1_3&#8243; _builder_version=&#8220;4.19.4&#8243; _module_preset=&#8220;default&#8220; background_color=&#8220;#FFFFFF&#8220; positioning=&#8220;none&#8220; width=&#8220;90%&#8220; max_width=&#8220;1400px&#8220; custom_padding=&#8220;4px|||||&#8220; custom_css_after=&#8220;clear: both;||&#8220; border_width_all=&#8220;20px&#8220; border_color_all=&#8220;#FFFFFF&#8220; global_colors_info=&#8220;{}&#8220;][et_pb_column type=&#8220;1_3&#8243; _builder_version=&#8220;4.19.4&#8243; _module_preset=&#8220;default&#8220; global_colors_info=&#8220;{}&#8220;][et_pb_text _builder_version=&#8220;4.19.4&#8243; _module_preset=&#8220;default&#8220; global_colors_info=&#8220;{}&#8220;]<\/p>\n<ul>\n<li style=\"list-style-type: none;\">\n<ul>\n<li><strong>Fascia Winter School 2022<\/strong><\/li>\n<li><strong>Fascial Distortion Model \u2013 Basic Certificate \u2013 prvn\u00ed dr\u017eitel t\u00e9to mezin\u00e1rodn\u00ed certifikace v \u010cR a SR<\/strong><\/li>\n<li><strong>Fascial Distortion Model \u2013 Modul 3<\/strong><\/li>\n<li><strong>Vitality Flossing<\/strong>\n<ul>\n<li>Instruktor pro \u010cR a SR<\/li>\n<\/ul>\n<\/li>\n<li><strong>FAZER<\/strong>\n<ul>\n<li style=\"list-style-type: none;\">\n<ul>\n<li>Instruktor pro \u010cR a SR<\/li>\n<\/ul>\n<\/li>\n<\/ul>\n<\/li>\n<li><strong>M.A.T. Functional Assessment &amp; Functional Treatment + Training<\/strong><\/li>\n<\/ul>\n<\/li>\n<\/ul>\n<ul>\n<li style=\"list-style-type: none;\">\n<ul>\n<li><strong>Fascial Distortion Model \u2013 Modul 2<\/strong><\/li>\n<li><strong>Fascial Fintess Trainer Course<\/strong><\/li>\n<li><strong>BLACKROLL\u00ae Master Trainer<\/strong>\n<ul>\n<li>opr\u00e1vn\u011bn\u00ed v\u00e9st odborn\u00e9 vzd\u011bl\u00e1v\u00e1n\u00ed od spole\u010dnosti BLACKROLL\u00ae AG pro \u010cR a SR<\/li>\n<\/ul>\n<\/li>\n<li><strong>BLACKROLL\u00ae MOVES Trainer<\/strong><\/li>\n<li><strong>Aktivn\u00ed \u00fa\u010dast na konferenci Kinesio Taping\u00ae Method v \u010cR spole\u010dn\u011b s autorem metody Dr. Kenzo Kasem<\/strong><\/li>\n<li><strong>Fascial Distortion Model \u2013 Modul 1<\/strong><\/li>\n<li><strong>Fascial Fitness Introduction Course<\/strong><\/li>\n<\/ul>\n<\/li>\n<\/ul>\n<p>[\/et_pb_text][\/et_pb_column][et_pb_column type=&#8220;1_3&#8243; _builder_version=&#8220;4.19.4&#8243; _module_preset=&#8220;default&#8220; global_colors_info=&#8220;{}&#8220;][et_pb_text _builder_version=&#8220;4.19.4&#8243; _module_preset=&#8220;default&#8220; global_colors_info=&#8220;{}&#8220;]<\/p>\n<ul>\n<li><strong>Anatomy Trains I.<\/strong><\/li>\n<li><strong>Z\u00e1kladn\u00ed kurz ve Sportovn\u00ed medic\u00edn\u011b<\/strong>\n<ul>\n<li>kurz pod \u010ceskou spole\u010dnost\u00ed t\u011blov\u00fdchovn\u00e9ho l\u00e9ka\u0159stv\u00ed<\/li>\n<\/ul>\n<\/li>\n<li><strong>Certified Kinesio Taping\u00ae Instructor (CKTI)<\/strong>\n<ul>\n<li>opr\u00e1vn\u011bn\u00ed v\u00e9st origin\u00e1ln\u00ed kurzy Kinesio Taping\u00ae Method spadaj\u00edc\u00ed pod Kinesio Taping\u00ae Association International vedenou Dr. Kenzo Kasem, zakladatelem Kinesio Taping\u00ae Method<\/li>\n<\/ul>\n<\/li>\n<\/ul>\n<ul>\n<li><strong>Cerified Kinesio Taping\u00ae Practitioner (CKTP)<\/strong><\/li>\n<li><strong>Instruktor fitness centra a osobn\u00ed tren\u00e9r fitness<\/strong>\n<ul>\n<li>kurz dle vyhl. M\u0160MT \u010d. 176\/2009 sb.<\/li>\n<\/ul>\n<\/li>\n<li><strong>Dynamick\u00e1 Neuromuskul\u00e1rn\u00ed <br \/>Stabilizace dle prof. Kol\u00e1\u0159e \u201eA\u201c<\/strong><\/li>\n<li><strong>Dynamick\u00e1 Neuromuskul\u00e1rn\u00ed <br \/>Stabilizace dle prof. Kol\u00e1\u0159e \u201eB\u201c<\/strong><\/li>\n<li><strong>Dynamick\u00e1 Neuromuskul\u00e1rn\u00ed <br \/>Stabilizace dle prof. Kol\u00e1\u0159e \u201eC\u201c<\/strong><\/li>\n<li><strong>Aktivn\u00ed \u00fa\u010dast na na vzd\u011bl\u00e1vac\u00ed akci T\u011blov\u00fdchovn\u00e9 l\u00e9ka\u0159stv\u00ed 2012 v\u00a0Pod\u011bbradech<\/strong><\/li>\n<\/ul>\n<p>[\/et_pb_text][\/et_pb_column][et_pb_column type=&#8220;1_3&#8243; _builder_version=&#8220;4.19.4&#8243; _module_preset=&#8220;default&#8220; global_colors_info=&#8220;{}&#8220;][et_pb_text _builder_version=&#8220;4.19.4&#8243; _module_preset=&#8220;default&#8220; global_colors_info=&#8220;{}&#8220;]<\/p>\n<ul>\n<li><strong>Propriofoot\u00ae koncept<\/strong><\/li>\n<li><strong> Metoda Roswithy Brunkow a jej\u00ed vyu\u017eit\u00ed v prevenci a terapii poruch pohybov\u00e9ho apar\u00e1tu<\/strong><\/li>\n<li><strong>Metoda Ludmily Moj\u017e\u00ed\u0161ov\u00e9<\/strong><\/li>\n<li><strong>Aktivn\u00ed \u00fa\u010dast na 2. Ro\u010dn\u00edku mezin\u00e1rodn\u00ed konference FYZIOTERAPIE 2011 v \u010cel\u00e1kovic\u00edch Spiraldynamik\u00ae Bacic Med \u2013 1.\u010d\u00e1st <\/strong><\/li>\n<li><strong>Spiraldynamik\u00ae Bacic Med \u2013 2.\u010d\u00e1st<br \/><\/strong><\/li>\n<li><strong>Spiraldynamik\u00ae Bacic Med \u2013 3.\u010d\u00e1st<\/strong><\/li>\n<li><strong>Spiraldynamik\u00ae Bacic Med \u2013 4.\u010d\u00e1st<\/strong><\/li>\n<li><strong>Spiraldynamik\u00ae Bacic Certificate<\/strong><\/li>\n<li><strong>Osv\u011bd\u010den\u00ed k v\u00fdkonu zdravotnick\u00e9ho povol\u00e1n\u00ed bez odborn\u00e9ho dohledu v\u00a0oboru fyzioterapeut &#8211; reg. \u010d\u00edslo 024-0134-4132<\/strong><\/li>\n<li><strong>Sportovn\u00ed fyzioterapie a tr\u00e9ning I. \u2013 Barbara Tuma, Medbase clinic, Zug<\/strong><\/li>\n<li><strong>Sportovn\u00ed fyzioterapie a tr\u00e9ning II. \u2013 Barbara Tuma, Medbase clinic, Zug<\/strong><\/li>\n<li><strong>Z\u00e1klady rentgenologie<\/strong><\/li>\n<li><strong> Forma-Funkce-Facilitace<\/strong><\/li>\n<li><strong>Pohyb a stabilita<\/strong><\/li>\n<li><strong>Sportovn\u00ed (klasick\u00fd) tape<\/strong><\/li>\n<\/ul>\n<p>[\/et_pb_text][\/et_pb_column][\/et_pb_row][\/et_pb_section][et_pb_section fb_built=&#8220;1&#8243; _builder_version=&#8220;4.19.4&#8243; _module_preset=&#8220;default&#8220; min_height=&#8220;433.4px&#8220; custom_margin=&#8220;555px||-14px|||&#8220; custom_padding=&#8220;0px||14px|||&#8220; hover_enabled=&#8220;0&#8243; global_colors_info=&#8220;{}&#8220; sticky_enabled=&#8220;0&#8243;][et_pb_row column_structure=&#8220;1_2,1_2&#8243; _builder_version=&#8220;4.19.4&#8243; _module_preset=&#8220;default&#8220; max_width=&#8220;1400px&#8220; border_width_all=&#8220;20px&#8220; border_color_all=&#8220;#FFFFFF&#8220; global_colors_info=&#8220;{}&#8220;][et_pb_column type=&#8220;1_2&#8243; _builder_version=&#8220;4.19.4&#8243; _module_preset=&#8220;default&#8220; global_colors_info=&#8220;{}&#8220;][et_pb_text _builder_version=&#8220;4.19.4&#8243; _module_preset=&#8220;default&#8220; text_line_height=&#8220;1.9em&#8220; border_width_all=&#8220;13px&#8220; border_color_all=&#8220;RGBA(255,255,255,0)&#8220; global_colors_info=&#8220;{}&#8220;]<\/p>\n<h2>Mgr. Anna Novotn\u00e1<\/h2>\n<p><strong>Bakal\u00e1\u0159k\u00e9 i magistersk\u00e9 studium jsem absolvovala na 2. l\u00e9ka\u0159sk\u00e9 fakult\u011b Univerzity Karlovy. Po studiu jsem za\u010dala pracovat p\u0159ev\u00e1\u017en\u011b se sportovci &#8211; vrcholov\u00fdmi i hobby sportovci. Postupem \u010dasu jsem svou p\u0159ev\u00e1\u017en\u011b sportovn\u011b zalo\u017eenou klientelu roz\u0161\u00ed\u0159ila na ka\u017ed\u00e9ho, kdo se r\u00e1d h\u00fdbe. <\/strong><\/p>\n<p>C\u00edlem m\u00e9 pr\u00e1ce je nejen ulevit od bolesti a pom\u00e1hat k n\u00e1vratu ke sportu po zran\u011bn\u00ed, ale i radit, jak se h\u00fdbat efektivn\u011bji a bez zbyte\u010dn\u00e9ho p\u0159et\u011b\u017eov\u00e1n\u00ed pohybov\u00e9ho apar\u00e1tu. Ka\u017ed\u00fd, kdo se mnou spolupracuje je d\u016fkladn\u011b vy\u0161et\u0159en &#8211; mimo z\u00e1kladn\u00ed kineziologick\u00fd rozbor a d\u016fkladn\u00fd vstupn\u00ed rozhovor k vy\u0161et\u0159en\u00ed v p\u0159\u00edpad\u011b pot\u0159eby vyu\u017e\u00edv\u00e1m muskuloskelet\u00e1ln\u00ed ultrazvuk. V\u017edy si spole\u010dn\u011b stanov\u00edme c\u00edle a pl\u00e1n terapi\u00ed. B\u011bhem terapi\u00ed vyu\u017e\u00edv\u00e1m nej\u010dast\u011bji p\u0159\u00edstup a techniky FDM a n\u00e1sledn\u011b efekt terapie podporuji pomoc\u00ed aktivn\u00edho cvi\u010den\u00ed upravovan\u00e9ho specificky pro pot\u0159eby a c\u00edle klienta.<\/p>\n<ul>\n<li>Terapii lze v\u00e9st i v anglick\u00e9m jazyce.<\/li>\n<\/ul>\n<p>[\/et_pb_text][\/et_pb_column][et_pb_column type=&#8220;1_2&#8243; _builder_version=&#8220;4.19.4&#8243; _module_preset=&#8220;default&#8220; global_colors_info=&#8220;{}&#8220;][et_pb_image src=&#8220;https:\/\/fascia.cz\/wordpress\/wp-content\/uploads\/2023\/01\/foto-kolegyne.jpg&#8220; _builder_version=&#8220;4.19.4&#8243; _module_preset=&#8220;default&#8220; hover_enabled=&#8220;0&#8243; sticky_enabled=&#8220;0&#8243; width=&#8220;70%&#8220;][\/et_pb_image][\/et_pb_column][\/et_pb_row][\/et_pb_section][et_pb_section fb_built=&#8220;1&#8243; admin_label=&#8220;Service&#8220; _builder_version=&#8220;4.19.4&#8243; background_color=&#8220;#e61845&#8243; min_height=&#8220;385px&#8220; custom_margin=&#8220;||-861px|||&#8220; custom_padding=&#8220;0|0px|0px|0px|false|false&#8220; hover_enabled=&#8220;0&#8243; global_colors_info=&#8220;{}&#8220; sticky_enabled=&#8220;0&#8243;][et_pb_row _builder_version=&#8220;4.19.4&#8243; _module_preset=&#8220;default&#8220; global_colors_info=&#8220;{}&#8220;][et_pb_column type=&#8220;4_4&#8243; _builder_version=&#8220;4.19.4&#8243; _module_preset=&#8220;default&#8220; global_colors_info=&#8220;{}&#8220;][et_pb_text _builder_version=&#8220;4.19.4&#8243; _module_preset=&#8220;default&#8220; global_colors_info=&#8220;{}&#8220;]<\/p>\n<h2 style=\"text-align: center;\"><span style=\"color: #ffffff;\">Absolvovan\u00e9 kurzy<\/span><\/h2>\n<p>[\/et_pb_text][\/et_pb_column][\/et_pb_row][et_pb_row column_structure=&#8220;1_3,1_3,1_3&#8243; _builder_version=&#8220;4.19.4&#8243; _module_preset=&#8220;default&#8220; background_color=&#8220;#FFFFFF&#8220; positioning=&#8220;none&#8220; width=&#8220;90%&#8220; max_width=&#8220;1400px&#8220; custom_padding=&#8220;4px|||||&#8220; custom_css_after=&#8220;clear: both;||&#8220; border_width_all=&#8220;20px&#8220; border_color_all=&#8220;#FFFFFF&#8220; global_colors_info=&#8220;{}&#8220; min_height=&#8220;198px&#8220;][et_pb_column type=&#8220;1_3&#8243; _builder_version=&#8220;4.19.4&#8243; _module_preset=&#8220;default&#8220; global_colors_info=&#8220;{}&#8220;][et_pb_text _builder_version=&#8220;4.19.4&#8243; _module_preset=&#8220;default&#8220; global_colors_info=&#8220;{}&#8220;]<\/p>\n<ul>\n<li style=\"list-style-type: none;\">\n<ul>\n<li><span style=\"color: #000000;\">2019 \u2013 Manu\u00e1ln\u00ed lymfodren\u00e1\u017e t\u011bla v regeneraci<\/span><\/li>\n<li><span style=\"color: #000000;\">2020 &#8211; Koordina\u010dn\u011b-z\u00e1t\u011b\u017eov\u00e1 kinezioterapie &#8211; \u010d\u00e1st A<\/span><\/li>\n<li><span style=\"color: #000000;\">2020 &#8211; Viscero-vertebr\u00e1ln\u00ed vztahy v klinick\u00e9 praxi<\/span><\/li>\n<li><span style=\"color: #000000;\">2020 \u2013 Fasci\u00e1ln\u00ed terapie s pom\u016fckami fazer<\/span><\/li>\n<\/ul>\n<\/li>\n<\/ul>\n<p>[\/et_pb_text][\/et_pb_column][et_pb_column type=&#8220;1_3&#8243; _builder_version=&#8220;4.19.4&#8243; _module_preset=&#8220;default&#8220; global_colors_info=&#8220;{}&#8220;][et_pb_text _builder_version=&#8220;4.19.4&#8243; _module_preset=&#8220;default&#8220; global_colors_info=&#8220;{}&#8220;]<\/p>\n<ul>\n<li><span style=\"color: #000000;\">2020 \u2013 Bolesti hlavy a kr\u010dn\u00ed p\u00e1te\u0159e (CKP Roseta)<\/span><\/li>\n<li><span style=\"color: #000000;\">2021 \u2013 Vojtova reflexn\u00ed lokomoce pro vysok\u00e9 \u0161koly<\/span><\/li>\n<li><span style=\"color: #000000;\">2021 &#8211; Fascial Distortion Model modul I.<\/span><\/li>\n<li><span style=\"color: #000000;\">2022 &#8211; Neurokinetic therapy L1<\/span><\/li>\n<\/ul>\n<p>[\/et_pb_text][\/et_pb_column][et_pb_column type=&#8220;1_3&#8243; _builder_version=&#8220;4.19.4&#8243; _module_preset=&#8220;default&#8220; global_colors_info=&#8220;{}&#8220;][et_pb_text _builder_version=&#8220;4.19.4&#8243; _module_preset=&#8220;default&#8220; global_colors_info=&#8220;{}&#8220;]<\/p>\n<ul>\n<li><span style=\"color: #000000;\">2022 &#8211; Fascial Distortion Model modul II.<\/span><\/li>\n<li><span style=\"color: #000000;\">2022 &#8211; Ultrazvukov\u00e9 vy\u0161et\u0159en\u00ed muskuloskelet\u00e1ln\u00edho syst\u00e9mu<\/span><\/li>\n<li><span style=\"color: #000000;\">2022 &#8211; Diagnostick\u00fd ultrazvuk v oblasti fyzioterapie<\/span><\/li>\n<\/ul>\n<p>[\/et_pb_text][\/et_pb_column][\/et_pb_row][\/et_pb_section]<\/p>\n","protected":false},"excerpt":{"rendered":"<p>PhDr. Michal Peroutka Zakladatel a hlavn\u00ed fyzioterapeut Michal se v\u011bnuje fyzioterapii od roku 2009 kdy ukon\u010dil bakal\u00e1\u0159sk\u00e9 studium oboru Fyzioterapie. V roce 2019 \u00fasp\u011b\u0161n\u011b slo\u017eil rigor\u00f3zn\u00ed zkou\u0161ku tak\u00e9 v oboru Fyzioterapie. B\u011bhem sv\u00e9 praxe spolupracuje s mnoha zahrani\u010dn\u00edmi odborn\u00edky. Mimo jin\u00e9 se v\u011bnuje v\u00fduce nov\u00fdch fyzioterapeut\u016f na vysok\u00e9 \u0161kole a ve spojen\u00ed s lektorskou \u010dinnost\u00ed [&hellip;]<\/p>\n","protected":false},"author":1,"featured_media":0,"parent":0,"menu_order":0,"comment_status":"closed","ping_status":"closed","template":"","meta":{"_et_pb_use_builder":"on","_et_pb_old_content":"","_et_gb_content_width":"","footnotes":""},"class_list":["post-239","page","type-page","status-publish","hentry"],"_links":{"self":[{"href":"https:\/\/fascia.cz\/wordpress\/wp-json\/wp\/v2\/pages\/239","targetHints":{"allow":["GET"]}}],"collection":[{"href":"https:\/\/fascia.cz\/wordpress\/wp-json\/wp\/v2\/pages"}],"about":[{"href":"https:\/\/fascia.cz\/wordpress\/wp-json\/wp\/v2\/types\/page"}],"author":[{"embeddable":true,"href":"https:\/\/fascia.cz\/wordpress\/wp-json\/wp\/v2\/users\/1"}],"replies":[{"embeddable":true,"href":"https:\/\/fascia.cz\/wordpress\/wp-json\/wp\/v2\/comments?post=239"}],"version-history":[{"count":30,"href":"https:\/\/fascia.cz\/wordpress\/wp-json\/wp\/v2\/pages\/239\/revisions"}],"predecessor-version":[{"id":430,"href":"https:\/\/fascia.cz\/wordpress\/wp-json\/wp\/v2\/pages\/239\/revisions\/430"}],"wp:attachment":[{"href":"https:\/\/fascia.cz\/wordpress\/wp-json\/wp\/v2\/media?parent=239"}],"curies":[{"name":"wp","href":"https:\/\/api.w.org\/{rel}","templated":true}]}}