{"id":346,"date":"2023-01-16T20:44:01","date_gmt":"2023-01-16T19:44:01","guid":{"rendered":"https:\/\/fascia.cz\/wordpress\/?page_id=346"},"modified":"2023-01-16T20:46:52","modified_gmt":"2023-01-16T19:46:52","slug":"cesta-pacienta","status":"publish","type":"page","link":"https:\/\/fascia.cz\/wordpress\/cesta-pacienta\/","title":{"rendered":"Cesta pacienta"},"content":{"rendered":"<p>[et_pb_section fb_built=&#8220;1&#8243; custom_padding_last_edited=&#8220;on|phone&#8220; admin_label=&#8220;Header&#8220; _builder_version=&#8220;4.19.4&#8243; background_color=&#8220;#e61845&#8243; background_enable_image=&#8220;off&#8220; background_position=&#8220;top_center&#8220; background_vertical_offset=&#8220;21%&#8220; max_height=&#8220;100px&#8220; custom_padding=&#8220;0px|0px|0px|0px|true|true&#8220; custom_padding_tablet=&#8220;|10vw||&#8220; custom_padding_phone=&#8220;&#8220; global_colors_info=&#8220;{}&#8220; box_shadow_style__hover=&#8220;none&#8220; box_shadow_style__hover_enabled=&#8220;none&#8220; box_shadow_color__hover=&#8220;rgba(0,0,0,0.3)&#8220; box_shadow_color__hover_enabled=&#8220;rgba(0,0,0,0.3)&#8220;][et_pb_row _builder_version=&#8220;4.19.4&#8243; vertical_offset=&#8220;0px&#8220; max_width=&#8220;1400px&#8220; module_alignment=&#8220;center&#8220; custom_padding=&#8220;27px|0px|100px|0px|false|false&#8220; global_colors_info=&#8220;{}&#8220; parallax_1__hover=&#8220;off&#8220; parallax_1__hover_enabled=&#8220;off&#8220; parallax_2__hover=&#8220;off&#8220; parallax_2__hover_enabled=&#8220;off&#8220; parallax_3__hover=&#8220;off&#8220; parallax_3__hover_enabled=&#8220;off&#8220; parallax_4__hover=&#8220;off&#8220; parallax_4__hover_enabled=&#8220;off&#8220; parallax_method_1__hover=&#8220;on&#8220; parallax_method_1__hover_enabled=&#8220;on&#8220; parallax_method_2__hover=&#8220;on&#8220; parallax_method_2__hover_enabled=&#8220;on&#8220; parallax_method_3__hover=&#8220;on&#8220; parallax_method_3__hover_enabled=&#8220;on&#8220; parallax_method_4__hover=&#8220;on&#8220; parallax_method_4__hover_enabled=&#8220;on&#8220;][et_pb_column type=&#8220;4_4&#8243; _builder_version=&#8220;4.19.4&#8243; position_origin_r=&#8220;bottom_left&#8220; custom_padding=&#8220;0px|0px|0px|0px|true|true&#8220; global_colors_info=&#8220;{}&#8220; custom_padding__hover=&#8220;|||&#8220;][et_pb_post_title meta=&#8220;off&#8220; featured_image=&#8220;off&#8220; text_color=&#8220;light&#8220; _builder_version=&#8220;4.19.4&#8243; _module_preset=&#8220;default&#8220; title_text_align=&#8220;center&#8220; custom_margin=&#8220;0px|0px|0px|0px|true|true&#8220; global_colors_info=&#8220;{}&#8220;][\/et_pb_post_title][\/et_pb_column][\/et_pb_row][\/et_pb_section][et_pb_section fb_built=&#8220;1&#8243; _builder_version=&#8220;4.19.4&#8243; _module_preset=&#8220;default&#8220; global_colors_info=&#8220;{}&#8220;][et_pb_row column_structure=&#8220;3_5,2_5&#8243; _builder_version=&#8220;4.19.4&#8243; _module_preset=&#8220;default&#8220; width=&#8220;85%&#8220; max_width=&#8220;1400px&#8220; border_width_all=&#8220;20px&#8220; border_color_all=&#8220;#FFFFFF&#8220; global_colors_info=&#8220;{}&#8220;][et_pb_column type=&#8220;3_5&#8243; _builder_version=&#8220;4.19.4&#8243; _module_preset=&#8220;default&#8220; global_colors_info=&#8220;{}&#8220;][et_pb_text _builder_version=&#8220;4.19.4&#8243; _module_preset=&#8220;default&#8220; text_line_height=&#8220;1.9em&#8220; hover_enabled=&#8220;0&#8243; global_colors_info=&#8220;{}&#8220; sticky_enabled=&#8220;0&#8243;]<\/p>\n<p><strong>Ka\u017ed\u00fd pacient na\u0161\u00ed kliniky absolvuje nejprve Vstupn\u00ed kineziologick\u00fd rozbor, kter\u00fd trv\u00e1 90 min. V r\u00e1mci t\u00e9to n\u00e1v\u0161t\u011bvy je tedy dostatek \u010dasu na d\u016fkladn\u00e9 vy\u0161et\u0159en\u00ed, odebr\u00e1n\u00ed celkov\u00e9 anamn\u00e9zy, zji\u0161t\u011bn\u00ed aktu\u00e1ln\u00edho stavu pacienta, z\u00edsk\u00e1n\u00ed informac\u00ed o vzniku \u00farazu\/probl\u00e9mu a jeho v\u00fdvoji v \u010dase apod.<\/strong><\/p>\n<p>\u0158ada funk\u010dn\u00edch pot\u00ed\u017e\u00ed pohybov\u00e9ho apar\u00e1tu m\u016f\u017ee m\u00edt p\u0159\u00ed\u010dinu ve vzd\u00e1len\u011bj\u0161\u00edch m\u00edstech t\u011bla, mohou m\u00edt souvislost s va\u0161\u00edm \u017eivotn\u00edm stylem nebo va\u0161imi starostmi. Na druhou stranu se velmi \u010dasto st\u00e1v\u00e1, \u017ee pacient absolvuje zdlouhav\u00e1 vy\u0161et\u0159en\u00ed, mnoho test\u016f a na konec je zcela odvedena pozornost od jeho aktu\u00e1ln\u011b nejv\u011bt\u0161\u00edho probl\u00e9mu\/bolesti. \u00a0Od v\u00e1s o\u010dek\u00e1v\u00e1me, \u017ee k n\u00e1m budete otev\u0159en\u00ed, budete n\u00e1m d\u016fv\u011b\u0159ovat a va\u0161e probl\u00e9my, p\u0159edchoz\u00ed zku\u0161enosti s terapiemi i va\u0161e pochybnosti n\u00e1m pravdiv\u011b a bez obav sd\u011bl\u00edte.<\/p>\n<p>V\u00a0r\u00e1mci Vstupn\u00edho kineziologick\u00e9ho rozboru s\u00a0v\u00e1mi probereme mo\u017enosti \u0159e\u0161en\u00ed va\u0161ich obt\u00ed\u017e\u00ed, stanov\u00edme individu\u00e1ln\u00ed terapeutick\u00fd pl\u00e1n a absolvujete i prvn\u00ed terapii.<\/p>\n<h4>Na\u0161e c\u00edle<\/h4>\n<ul>\n<li>ulevit v\u00e1m od va\u0161ich prvotn\u00edch obt\u00ed\u017e\u00ed a to co nejd\u0159\u00edve. Sna\u017e\u00edme se, aby pacient odch\u00e1zel ji\u017e po prvn\u00ed terapii, kterou jsme provedli v\u00a0r\u00e1mci vstupn\u00edho vy\u0161et\u0159en\u00ed, s v\u00fdraznou \u00falevou od bolesti.<\/li>\n<li>volit terapeutick\u00e9 techniky a metodiky tak, aby byl v\u00fdsledn\u00fd efekt terapie dlouhodob\u00fd a v\u00a0r\u00e1mci mo\u017enost\u00ed tak\u00e9 nejrychlej\u0161\u00ed a pro v\u00e1s akceptovateln\u00fd.<\/li>\n<\/ul>\n<p><strong>V\u011b\u0159\u00edme, \u017ee u n\u00e1s budete spokojeni a pro va\u0161e pohybov\u00e9 probl\u00e9my a bolestiv\u00e9 stavy u n\u00e1s najdete \u0159e\u0161en\u00ed<\/strong>.<\/p>\n<p>[\/et_pb_text][\/et_pb_column][et_pb_column type=&#8220;2_5&#8243; _builder_version=&#8220;4.19.4&#8243; _module_preset=&#8220;default&#8220; global_colors_info=&#8220;{}&#8220;][et_pb_image src=&#8220;https:\/\/fascia.cz\/wordpress\/wp-content\/uploads\/2023\/01\/exterier2.jpg&#8220; title_text=&#8220;exterie\u0301r2&#8243; _builder_version=&#8220;4.19.4&#8243; _module_preset=&#8220;default&#8220; hover_enabled=&#8220;0&#8243; global_colors_info=&#8220;{}&#8220; sticky_enabled=&#8220;0&#8243;][\/et_pb_image][\/et_pb_column][\/et_pb_row][\/et_pb_section]<\/p>\n","protected":false},"excerpt":{"rendered":"<p>Ka\u017ed\u00fd pacient na\u0161\u00ed kliniky absolvuje nejprve Vstupn\u00ed kineziologick\u00fd rozbor, kter\u00fd trv\u00e1 90 min. V r\u00e1mci t\u00e9to n\u00e1v\u0161t\u011bvy je tedy dostatek \u010dasu na d\u016fkladn\u00e9 vy\u0161et\u0159en\u00ed, odebr\u00e1n\u00ed celkov\u00e9 anamn\u00e9zy, zji\u0161t\u011bn\u00ed aktu\u00e1ln\u00edho stavu pacienta, z\u00edsk\u00e1n\u00ed informac\u00ed o vzniku \u00farazu\/probl\u00e9mu a jeho v\u00fdvoji v \u010dase apod. \u0158ada funk\u010dn\u00edch pot\u00ed\u017e\u00ed pohybov\u00e9ho apar\u00e1tu m\u016f\u017ee m\u00edt p\u0159\u00ed\u010dinu ve vzd\u00e1len\u011bj\u0161\u00edch m\u00edstech t\u011bla, mohou [&hellip;]<\/p>\n","protected":false},"author":1,"featured_media":0,"parent":0,"menu_order":0,"comment_status":"closed","ping_status":"closed","template":"","meta":{"_et_pb_use_builder":"on","_et_pb_old_content":"","_et_gb_content_width":"","footnotes":""},"class_list":["post-346","page","type-page","status-publish","hentry"],"_links":{"self":[{"href":"https:\/\/fascia.cz\/wordpress\/wp-json\/wp\/v2\/pages\/346","targetHints":{"allow":["GET"]}}],"collection":[{"href":"https:\/\/fascia.cz\/wordpress\/wp-json\/wp\/v2\/pages"}],"about":[{"href":"https:\/\/fascia.cz\/wordpress\/wp-json\/wp\/v2\/types\/page"}],"author":[{"embeddable":true,"href":"https:\/\/fascia.cz\/wordpress\/wp-json\/wp\/v2\/users\/1"}],"replies":[{"embeddable":true,"href":"https:\/\/fascia.cz\/wordpress\/wp-json\/wp\/v2\/comments?post=346"}],"version-history":[{"count":2,"href":"https:\/\/fascia.cz\/wordpress\/wp-json\/wp\/v2\/pages\/346\/revisions"}],"predecessor-version":[{"id":348,"href":"https:\/\/fascia.cz\/wordpress\/wp-json\/wp\/v2\/pages\/346\/revisions\/348"}],"wp:attachment":[{"href":"https:\/\/fascia.cz\/wordpress\/wp-json\/wp\/v2\/media?parent=346"}],"curies":[{"name":"wp","href":"https:\/\/api.w.org\/{rel}","templated":true}]}}

<p>[et_pb_section fb_built=&#8220;1&#8243; custom_padding_last_edited=&#8220;on|phone&#8220; admin_label=&#8220;Header&#8220; _builder_version=&#8220;4.19.4&#8243; background_color=&#8220;#e61845&#8243; background_enable_image=&#8220;off&#8220; background_position=&#8220;top_center&#8220; background_vertical_offset=&#8220;21%&#8220; max_height=&#8220;100px&#8220; custom_padding=&#8220;0px|0px|0px|0px|true|true&#8220; custom_padding_tablet=&#8220;|10vw||&#8220; custom_padding_phone=&#8220;&#8220; global_colors_info=&#8220;{}&#8220; box_shadow_style__hover=&#8220;none&#8220; box_shadow_style__hover_enabled=&#8220;none&#8220; box_shadow_color__hover=&#8220;rgba(0,0,0,0.3)&#8220; box_shadow_color__hover_enabled=&#8220;rgba(0,0,0,0.3)&#8220;][et_pb_row _builder_version=&#8220;4.19.4&#8243; vertical_offset=&#8220;0px&#8220; max_width=&#8220;1400px&#8220; module_alignment=&#8220;center&#8220; custom_padding=&#8220;27px|0px|100px|0px|false|false&#8220; global_colors_info=&#8220;{}&#8220; parallax_1__hover=&#8220;off&#8220; parallax_1__hover_enabled=&#8220;off&#8220; parallax_2__hover=&#8220;off&#8220; parallax_2__hover_enabled=&#8220;off&#8220; parallax_3__hover=&#8220;off&#8220; parallax_3__hover_enabled=&#8220;off&#8220; parallax_4__hover=&#8220;off&#8220; parallax_4__hover_enabled=&#8220;off&#8220; parallax_method_1__hover=&#8220;on&#8220; parallax_method_1__hover_enabled=&#8220;on&#8220; parallax_method_2__hover=&#8220;on&#8220; parallax_method_2__hover_enabled=&#8220;on&#8220; parallax_method_3__hover=&#8220;on&#8220; parallax_method_3__hover_enabled=&#8220;on&#8220; parallax_method_4__hover=&#8220;on&#8220; parallax_method_4__hover_enabled=&#8220;on&#8220;][et_pb_column type=&#8220;4_4&#8243; _builder_version=&#8220;4.19.4&#8243; position_origin_r=&#8220;bottom_left&#8220; custom_padding=&#8220;0px|0px|0px|0px|true|true&#8220; global_colors_info=&#8220;{}&#8220; custom_padding__hover=&#8220;|||&#8220;][et_pb_post_title meta=&#8220;off&#8220; featured_image=&#8220;off&#8220; text_color=&#8220;light&#8220; _builder_version=&#8220;4.19.4&#8243; _module_preset=&#8220;default&#8220; title_text_align=&#8220;center&#8220; custom_margin=&#8220;0px|0px|0px|0px|true|true&#8220; global_colors_info=&#8220;{}&#8220;][/et_pb_post_title][/et_pb_column][/et_pb_row][/et_pb_section][et_pb_section fb_built=&#8220;1&#8243; _builder_version=&#8220;4.19.4&#8243; _module_preset=&#8220;default&#8220; global_colors_info=&#8220;{}&#8220;][et_pb_row column_structure=&#8220;3_5,2_5&#8243; _builder_version=&#8220;4.19.4&#8243; _module_preset=&#8220;default&#8220; width=&#8220;85%&#8220; max_width=&#8220;1400px&#8220; border_width_all=&#8220;20px&#8220; border_color_all=&#8220;#FFFFFF&#8220; global_colors_info=&#8220;{}&#8220;][et_pb_column type=&#8220;3_5&#8243; _builder_version=&#8220;4.19.4&#8243; _module_preset=&#8220;default&#8220; global_colors_info=&#8220;{}&#8220;][et_pb_text _builder_version=&#8220;4.19.4&#8243; _module_preset=&#8220;default&#8220; text_line_height=&#8220;1.9em&#8220; hover_enabled=&#8220;0&#8243; global_colors_info=&#8220;{}&#8220; sticky_enabled=&#8220;0&#8243;]</p>
<p><strong>Každý pacient naší kliniky absolvuje nejprve Vstupní kineziologický rozbor, který trvá 90 min. V rámci této návštěvy je tedy dostatek času na důkladné vyšetření, odebrání celkové anamnézy, zjištění aktuálního stavu pacienta, získání informací o vzniku úrazu/problému a jeho vývoji v čase apod.</strong></p>
<p>Řada funkčních potíží pohybového aparátu může mít příčinu ve vzdálenějších místech těla, mohou mít souvislost s vaším životním stylem nebo vašimi starostmi. Na druhou stranu se velmi často stává, že pacient absolvuje zdlouhavá vyšetření, mnoho testů a na konec je zcela odvedena pozornost od jeho aktuálně největšího problému/bolesti.  Od vás očekáváme, že k nám budete otevření, budete nám důvěřovat a vaše problémy, předchozí zkušenosti s terapiemi i vaše pochybnosti nám pravdivě a bez obav sdělíte.</p>
<p>V rámci Vstupního kineziologického rozboru s vámi probereme možnosti řešení vašich obtíží, stanovíme individuální terapeutický plán a absolvujete i první terapii.</p>
<h4>Naše cíle</h4>
<ul>
<li>ulevit vám od vašich prvotních obtíží a to co nejdříve. Snažíme se, aby pacient odcházel již po první terapii, kterou jsme provedli v rámci vstupního vyšetření, s výraznou úlevou od bolesti.</li>
<li>volit terapeutické techniky a metodiky tak, aby byl výsledný efekt terapie dlouhodobý a v rámci možností také nejrychlejší a pro vás akceptovatelný.</li>
</ul>
<p><strong>Věříme, že u nás budete spokojeni a pro vaše pohybové problémy a bolestivé stavy u nás najdete řešení</strong>.</p>
<p>[/et_pb_text][/et_pb_column][et_pb_column type=&#8220;2_5&#8243; _builder_version=&#8220;4.19.4&#8243; _module_preset=&#8220;default&#8220; global_colors_info=&#8220;{}&#8220;][et_pb_image src=&#8220;https://fascia.cz/wordpress/wp-content/uploads/2023/01/exterier2.jpg&#8220; title_text=&#8220;exteriér2&#8243; _builder_version=&#8220;4.19.4&#8243; _module_preset=&#8220;default&#8220; hover_enabled=&#8220;0&#8243; global_colors_info=&#8220;{}&#8220; sticky_enabled=&#8220;0&#8243;][/et_pb_image][/et_pb_column][/et_pb_row][/et_pb_section]</p>

<p>Každý pacient naší kliniky absolvuje nejprve Vstupní kineziologický rozbor, který trvá 90 min. V rámci této návštěvy je tedy dostatek času na důkladné vyšetření, odebrání celkové anamnézy, zjištění aktuálního stavu pacienta, získání informací o vzniku úrazu/problému a jeho vývoji v čase apod. Řada funkčních potíží pohybového aparátu může mít příčinu ve vzdálenějších místech těla, mohou [&hellip;]</p>
