{"id":368,"date":"2023-01-30T08:16:55","date_gmt":"2023-01-30T07:16:55","guid":{"rendered":"https:\/\/fascia.cz\/wordpress\/?page_id=368"},"modified":"2023-01-30T15:05:06","modified_gmt":"2023-01-30T14:05:06","slug":"vzdelavani","status":"publish","type":"page","link":"https:\/\/fascia.cz\/wordpress\/vzdelavani\/","title":{"rendered":"Vzd\u011bl\u00e1v\u00e1n\u00ed"},"content":{"rendered":"\n[et_pb_section fb_built=&#8220;1&#8243; custom_padding_last_edited=&#8220;on|phone&#8220; admin_label=&#8220;Header&#8220; _builder_version=&#8220;4.19.4&#8243; background_color=&#8220;#e61845&#8243; background_enable_image=&#8220;off&#8220; background_position=&#8220;top_center&#8220; background_vertical_offset=&#8220;21%&#8220; max_height=&#8220;100px&#8220; custom_padding=&#8220;0px|0px|0px|0px|true|true&#8220; custom_padding_tablet=&#8220;|10vw||&#8220; custom_padding_phone=&#8220;&#8220; global_colors_info=&#8220;{}&#8220; box_shadow_style__hover=&#8220;none&#8220; box_shadow_style__hover_enabled=&#8220;none&#8220; box_shadow_color__hover=&#8220;rgba(0,0,0,0.3)&#8220; box_shadow_color__hover_enabled=&#8220;rgba(0,0,0,0.3)&#8220;][et_pb_row _builder_version=&#8220;4.19.4&#8243; vertical_offset=&#8220;0px&#8220; max_width=&#8220;1400px&#8220; module_alignment=&#8220;center&#8220; custom_padding=&#8220;27px|0px|100px|0px|false|false&#8220; global_colors_info=&#8220;{}&#8220; parallax_1__hover=&#8220;off&#8220; parallax_1__hover_enabled=&#8220;off&#8220; parallax_2__hover=&#8220;off&#8220; parallax_2__hover_enabled=&#8220;off&#8220; parallax_3__hover=&#8220;off&#8220; parallax_3__hover_enabled=&#8220;off&#8220; parallax_4__hover=&#8220;off&#8220; parallax_4__hover_enabled=&#8220;off&#8220; parallax_method_1__hover=&#8220;on&#8220; parallax_method_1__hover_enabled=&#8220;on&#8220; parallax_method_2__hover=&#8220;on&#8220; parallax_method_2__hover_enabled=&#8220;on&#8220; parallax_method_3__hover=&#8220;on&#8220; parallax_method_3__hover_enabled=&#8220;on&#8220; parallax_method_4__hover=&#8220;on&#8220; parallax_method_4__hover_enabled=&#8220;on&#8220;][et_pb_column type=&#8220;4_4&#8243; _builder_version=&#8220;4.19.4&#8243; position_origin_r=&#8220;bottom_left&#8220; custom_padding=&#8220;0px|0px|0px|0px|true|true&#8220; global_colors_info=&#8220;{}&#8220; custom_padding__hover=&#8220;|||&#8220;][et_pb_post_title meta=&#8220;off&#8220; featured_image=&#8220;off&#8220; text_color=&#8220;light&#8220; _builder_version=&#8220;4.19.4&#8243; _module_preset=&#8220;default&#8220; title_text_align=&#8220;center&#8220; custom_margin=&#8220;0px|0px|0px|0px|true|true&#8220; global_colors_info=&#8220;{}&#8220;][\/et_pb_post_title][\/et_pb_column][\/et_pb_row][\/et_pb_section][et_pb_section fb_built=&#8220;1&#8243; _builder_version=&#8220;4.19.4&#8243; _module_preset=&#8220;default&#8220; global_colors_info=&#8220;{}&#8220;][et_pb_row column_structure=&#8220;3_5,2_5&#8243; _builder_version=&#8220;4.19.4&#8243; _module_preset=&#8220;default&#8220; width=&#8220;85%&#8220; max_width=&#8220;1400px&#8220; border_width_all=&#8220;20px&#8220; border_color_all=&#8220;#FFFFFF&#8220; global_colors_info=&#8220;{}&#8220;][et_pb_column type=&#8220;3_5&#8243; _builder_version=&#8220;4.19.4&#8243; _module_preset=&#8220;default&#8220; global_colors_info=&#8220;{}&#8220;][et_pb_text _builder_version=&#8220;4.19.4&#8243; _module_preset=&#8220;default&#8220; text_line_height=&#8220;1.9em&#8220; hover_enabled=&#8220;0&#8243; global_colors_info=&#8220;{}&#8220; sticky_enabled=&#8220;0&#8243;]Pod\u00edl\u00edme se na dal\u0161\u00edm vzd\u011bl\u00e1v\u00e1n\u00ed zdravotnick\u00fdch pracovn\u00edk\u016f organizov\u00e1n\u00edm odborn\u00fdch\nvzd\u011bl\u00e1vac\u00edch kurz\u016f.\n<h3>V na\u0161ich prostor\u00e1ch se budou konat tyto kurzy<\/h3>\n<table border=\"0\" style=\"height: 216px; width: 100%; border-collapse: collapse;\" cellpadding=\"15\">\n<tbody>\n<tr style=\"height: 24px;\">\n<td style=\"width: 70%; height: 24px;\"><strong>N\u00e1zev kurzu<\/strong><\/td>\n<td style=\"width: 30%; height: 24px;\"><strong>Term\u00edn<\/strong><\/td>\n<\/tr>\n<tr style=\"height: 48px;\">\n<td style=\"width: 70%; height: 48px;\">Metoda Kinesio Taping\u00ae &#8211; \u00favodn\u00ed kurz Kinesio\u00ae Foundations<\/td>\n<td style=\"width: 30%; height: 48px;\">1. &#8211; 2. 4. 2023<\/td>\n<\/tr>\n<tr style=\"height: 24px;\">\n<td style=\"width: 70%; height: 24px;\">Fasci\u00e1lni terapie s pom\u016fckami FAZER<\/td>\n<td style=\"width: 30%; height: 24px;\">22. 4. 2023<\/td>\n<\/tr>\n<tr style=\"height: 24px;\">\n<td style=\"width: 70%; height: 24px;\">Kurz VITALITY FLOSSING<\/td>\n<td style=\"width: 30%; height: 24px;\">23. 4. 2023<\/td>\n<\/tr>\n<tr style=\"height: 48px;\">\n<td style=\"width: 70%; height: 48px;\">Metoda Kinesio Taping\u00ae &#8211; navazuj\u00edc\u00ed kurz KTM3<\/td>\n<td style=\"width: 30%; height: 48px;\">20. 5. 2023<\/td>\n<\/tr>\n<tr style=\"height: 48px;\">\n<td style=\"width: 70%; height: 48px;\">Metoda Kinesio Taping\u00ae KTM4 \u2013 pokro\u010dil\u00e1 specializace Ortopedie\/Sport<\/td>\n<td style=\"width: 30%; height: 48px;\">21. 5. 2023<\/td>\n<\/tr>\n<\/tbody>\n<\/table>\nP\u0159ipravujeme i workshopy pro na\u0161e pacienty.[\/et_pb_text][\/et_pb_column][et_pb_column type=&#8220;2_5&#8243; _builder_version=&#8220;4.19.4&#8243; _module_preset=&#8220;default&#8220; global_colors_info=&#8220;{}&#8220;][\/et_pb_column][\/et_pb_row][\/et_pb_section]\n","protected":false},"excerpt":{"rendered":"<p>Pod\u00edl\u00edme se na dal\u0161\u00edm vzd\u011bl\u00e1v\u00e1n\u00ed zdravotnick\u00fdch pracovn\u00edk\u016f organizov\u00e1n\u00edm odborn\u00fdch vzd\u011bl\u00e1vac\u00edch kurz\u016f. V na\u0161ich prostor\u00e1ch se budou konat tyto kurzy N\u00e1zev kurzu Term\u00edn Metoda Kinesio Taping\u00ae &#8211; \u00favodn\u00ed kurz Kinesio\u00ae Foundations 1. &#8211; 2. 4. 2023 Fasci\u00e1lni terapie s pom\u016fckami FAZER 22. 4. 2023 Kurz VITALITY FLOSSING 23. 4. 2023 Metoda Kinesio Taping\u00ae &#8211; navazuj\u00edc\u00ed kurz [&hellip;]<\/p>\n","protected":false},"author":1,"featured_media":0,"parent":0,"menu_order":0,"comment_status":"closed","ping_status":"closed","template":"","meta":{"_et_pb_use_builder":"on","_et_pb_old_content":"","_et_gb_content_width":"","footnotes":""},"class_list":["post-368","page","type-page","status-publish","hentry"],"_links":{"self":[{"href":"https:\/\/fascia.cz\/wordpress\/wp-json\/wp\/v2\/pages\/368","targetHints":{"allow":["GET"]}}],"collection":[{"href":"https:\/\/fascia.cz\/wordpress\/wp-json\/wp\/v2\/pages"}],"about":[{"href":"https:\/\/fascia.cz\/wordpress\/wp-json\/wp\/v2\/types\/page"}],"author":[{"embeddable":true,"href":"https:\/\/fascia.cz\/wordpress\/wp-json\/wp\/v2\/users\/1"}],"replies":[{"embeddable":true,"href":"https:\/\/fascia.cz\/wordpress\/wp-json\/wp\/v2\/comments?post=368"}],"version-history":[{"count":5,"href":"https:\/\/fascia.cz\/wordpress\/wp-json\/wp\/v2\/pages\/368\/revisions"}],"predecessor-version":[{"id":448,"href":"https:\/\/fascia.cz\/wordpress\/wp-json\/wp\/v2\/pages\/368\/revisions\/448"}],"wp:attachment":[{"href":"https:\/\/fascia.cz\/wordpress\/wp-json\/wp\/v2\/media?parent=368"}],"curies":[{"name":"wp","href":"https:\/\/api.w.org\/{rel}","templated":true}]}}

Vzdělávání

[et_pb_section fb_built=&#8220;1&#8243; custom_padding_last_edited=&#8220;on|phone&#8220; admin_label=&#8220;Header&#8220; _builder_version=&#8220;4.19.4&#8243; background_color=&#8220;#e61845&#8243; background_enable_image=&#8220;off&#8220; background_position=&#8220;top_center&#8220; background_vertical_offset=&#8220;21%&#8220; max_height=&#8220;100px&#8220; custom_padding=&#8220;0px|0px|0px|0px|true|true&#8220; custom_padding_tablet=&#8220;|10vw||&#8220; custom_padding_phone=&#8220;&#8220; global_colors_info=&#8220;{}&#8220; box_shadow_style__hover=&#8220;none&#8220; box_shadow_style__hover_enabled=&#8220;none&#8220; box_shadow_color__hover=&#8220;rgba(0,0,0,0.3)&#8220; box_shadow_color__hover_enabled=&#8220;rgba(0,0,0,0.3)&#8220;][et_pb_row _builder_version=&#8220;4.19.4&#8243; vertical_offset=&#8220;0px&#8220; max_width=&#8220;1400px&#8220; module_alignment=&#8220;center&#8220; custom_padding=&#8220;27px|0px|100px|0px|false|false&#8220; global_colors_info=&#8220;{}&#8220; parallax_1__hover=&#8220;off&#8220; parallax_1__hover_enabled=&#8220;off&#8220; parallax_2__hover=&#8220;off&#8220; parallax_2__hover_enabled=&#8220;off&#8220; parallax_3__hover=&#8220;off&#8220; parallax_3__hover_enabled=&#8220;off&#8220; parallax_4__hover=&#8220;off&#8220; parallax_4__hover_enabled=&#8220;off&#8220; parallax_method_1__hover=&#8220;on&#8220; parallax_method_1__hover_enabled=&#8220;on&#8220; parallax_method_2__hover=&#8220;on&#8220; parallax_method_2__hover_enabled=&#8220;on&#8220; parallax_method_3__hover=&#8220;on&#8220; parallax_method_3__hover_enabled=&#8220;on&#8220; parallax_method_4__hover=&#8220;on&#8220; parallax_method_4__hover_enabled=&#8220;on&#8220;][et_pb_column type=&#8220;4_4&#8243; _builder_version=&#8220;4.19.4&#8243; position_origin_r=&#8220;bottom_left&#8220; custom_padding=&#8220;0px|0px|0px|0px|true|true&#8220; global_colors_info=&#8220;{}&#8220; custom_padding__hover=&#8220;|||&#8220;][et_pb_post_title meta=&#8220;off&#8220; featured_image=&#8220;off&#8220; text_color=&#8220;light&#8220; _builder_version=&#8220;4.19.4&#8243; _module_preset=&#8220;default&#8220; title_text_align=&#8220;center&#8220; custom_margin=&#8220;0px|0px|0px|0px|true|true&#8220; global_colors_info=&#8220;{}&#8220;][/et_pb_post_title][/et_pb_column][/et_pb_row][/et_pb_section][et_pb_section fb_built=&#8220;1&#8243; _builder_version=&#8220;4.19.4&#8243; _module_preset=&#8220;default&#8220; global_colors_info=&#8220;{}&#8220;][et_pb_row column_structure=&#8220;3_5,2_5&#8243; _builder_version=&#8220;4.19.4&#8243; _module_preset=&#8220;default&#8220; width=&#8220;85%&#8220; max_width=&#8220;1400px&#8220; border_width_all=&#8220;20px&#8220; border_color_all=&#8220;#FFFFFF&#8220; global_colors_info=&#8220;{}&#8220;][et_pb_column type=&#8220;3_5&#8243; _builder_version=&#8220;4.19.4&#8243; _module_preset=&#8220;default&#8220; global_colors_info=&#8220;{}&#8220;][et_pb_text _builder_version=&#8220;4.19.4&#8243; _module_preset=&#8220;default&#8220; text_line_height=&#8220;1.9em&#8220; hover_enabled=&#8220;0&#8243; global_colors_info=&#8220;{}&#8220; sticky_enabled=&#8220;0&#8243;]Podílíme se na dalším vzdělávání zdravotnických pracovníků organizováním odborných
vzdělávacích kurzů.
<h3>V našich prostorách se budou konat tyto kurzy</h3>
<table border="0" style="height: 216px; width: 100%; border-collapse: collapse;" cellpadding="15">
<tbody>
<tr style="height: 24px;">
<td style="width: 70%; height: 24px;"><strong>Název kurzu</strong></td>
<td style="width: 30%; height: 24px;"><strong>Termín</strong></td>
</tr>
<tr style="height: 48px;">
<td style="width: 70%; height: 48px;">Metoda Kinesio Taping® &#8211; úvodní kurz Kinesio® Foundations</td>
<td style="width: 30%; height: 48px;">1. &#8211; 2. 4. 2023</td>
</tr>
<tr style="height: 24px;">
<td style="width: 70%; height: 24px;">Fasciálni terapie s pomůckami FAZER</td>
<td style="width: 30%; height: 24px;">22. 4. 2023</td>
</tr>
<tr style="height: 24px;">
<td style="width: 70%; height: 24px;">Kurz VITALITY FLOSSING</td>
<td style="width: 30%; height: 24px;">23. 4. 2023</td>
</tr>
<tr style="height: 48px;">
<td style="width: 70%; height: 48px;">Metoda Kinesio Taping® &#8211; navazující kurz KTM3</td>
<td style="width: 30%; height: 48px;">20. 5. 2023</td>
</tr>
<tr style="height: 48px;">
<td style="width: 70%; height: 48px;">Metoda Kinesio Taping® KTM4 – pokročilá specializace Ortopedie/Sport</td>
<td style="width: 30%; height: 48px;">21. 5. 2023</td>
</tr>
</tbody>
</table>
Připravujeme i workshopy pro naše pacienty.[/et_pb_text][/et_pb_column][et_pb_column type=&#8220;2_5&#8243; _builder_version=&#8220;4.19.4&#8243; _module_preset=&#8220;default&#8220; global_colors_info=&#8220;{}&#8220;][/et_pb_column][/et_pb_row][/et_pb_section]

<p>Podílíme se na dalším vzdělávání zdravotnických pracovníků organizováním odborných vzdělávacích kurzů. V našich prostorách se budou konat tyto kurzy Název kurzu Termín Metoda Kinesio Taping® &#8211; úvodní kurz Kinesio® Foundations 1. &#8211; 2. 4. 2023 Fasciálni terapie s pomůckami FAZER 22. 4. 2023 Kurz VITALITY FLOSSING 23. 4. 2023 Metoda Kinesio Taping® &#8211; navazující kurz [&hellip;]</p>
