{"id":388,"date":"2023-01-30T08:45:01","date_gmt":"2023-01-30T07:45:01","guid":{"rendered":"https:\/\/fascia.cz\/wordpress\/?page_id=388"},"modified":"2023-01-30T08:47:49","modified_gmt":"2023-01-30T07:47:49","slug":"pravidla-provozu","status":"publish","type":"page","link":"https:\/\/fascia.cz\/wordpress\/pravidla-provozu\/","title":{"rendered":"Pravidla provozu"},"content":{"rendered":"<p>[et_pb_section fb_built=&#8220;1&#8243; custom_padding_last_edited=&#8220;on|phone&#8220; admin_label=&#8220;Header&#8220; _builder_version=&#8220;4.19.4&#8243; background_color=&#8220;#e61845&#8243; background_enable_image=&#8220;off&#8220; background_position=&#8220;top_center&#8220; background_vertical_offset=&#8220;21%&#8220; max_height=&#8220;100px&#8220; custom_padding=&#8220;0px|0px|0px|0px|true|true&#8220; custom_padding_tablet=&#8220;|10vw||&#8220; custom_padding_phone=&#8220;&#8220; global_colors_info=&#8220;{}&#8220; box_shadow_style__hover=&#8220;none&#8220; box_shadow_style__hover_enabled=&#8220;none&#8220; box_shadow_color__hover=&#8220;rgba(0,0,0,0.3)&#8220; box_shadow_color__hover_enabled=&#8220;rgba(0,0,0,0.3)&#8220;][et_pb_row _builder_version=&#8220;4.19.4&#8243; vertical_offset=&#8220;0px&#8220; max_width=&#8220;1400px&#8220; module_alignment=&#8220;center&#8220; custom_padding=&#8220;27px|0px|100px|0px|false|false&#8220; global_colors_info=&#8220;{}&#8220; parallax_1__hover=&#8220;off&#8220; parallax_1__hover_enabled=&#8220;off&#8220; parallax_2__hover=&#8220;off&#8220; parallax_2__hover_enabled=&#8220;off&#8220; parallax_3__hover=&#8220;off&#8220; parallax_3__hover_enabled=&#8220;off&#8220; parallax_4__hover=&#8220;off&#8220; parallax_4__hover_enabled=&#8220;off&#8220; parallax_method_1__hover=&#8220;on&#8220; parallax_method_1__hover_enabled=&#8220;on&#8220; parallax_method_2__hover=&#8220;on&#8220; parallax_method_2__hover_enabled=&#8220;on&#8220; parallax_method_3__hover=&#8220;on&#8220; parallax_method_3__hover_enabled=&#8220;on&#8220; parallax_method_4__hover=&#8220;on&#8220; parallax_method_4__hover_enabled=&#8220;on&#8220;][et_pb_column type=&#8220;4_4&#8243; _builder_version=&#8220;4.19.4&#8243; position_origin_r=&#8220;bottom_left&#8220; custom_padding=&#8220;0px|0px|0px|0px|true|true&#8220; global_colors_info=&#8220;{}&#8220; custom_padding__hover=&#8220;|||&#8220;][et_pb_post_title meta=&#8220;off&#8220; featured_image=&#8220;off&#8220; text_color=&#8220;light&#8220; _builder_version=&#8220;4.19.4&#8243; _module_preset=&#8220;default&#8220; title_text_align=&#8220;center&#8220; custom_margin=&#8220;0px|0px|0px|0px|true|true&#8220; global_colors_info=&#8220;{}&#8220;][\/et_pb_post_title][\/et_pb_column][\/et_pb_row][\/et_pb_section][et_pb_section fb_built=&#8220;1&#8243; _builder_version=&#8220;4.19.4&#8243; _module_preset=&#8220;default&#8220; global_colors_info=&#8220;{}&#8220;][et_pb_row column_structure=&#8220;3_5,2_5&#8243; _builder_version=&#8220;4.19.4&#8243; _module_preset=&#8220;default&#8220; width=&#8220;85%&#8220; max_width=&#8220;1400px&#8220; border_width_all=&#8220;20px&#8220; border_color_all=&#8220;#FFFFFF&#8220; global_colors_info=&#8220;{}&#8220;][et_pb_column type=&#8220;3_5&#8243; _builder_version=&#8220;4.19.4&#8243; _module_preset=&#8220;default&#8220; global_colors_info=&#8220;{}&#8220;][et_pb_text _builder_version=&#8220;4.19.4&#8243; _module_preset=&#8220;default&#8220; text_line_height=&#8220;1.9em&#8220; global_colors_info=&#8220;{}&#8220;]<\/p>\n<h3>PRAVIDLA OBJEDN\u00c1N\u00cd A POSKYTOV\u00c1N\u00cd SLU\u017dEB<\/h3>\n<p>Nest\u00e1tn\u00ed zdravotnick\u00e9 za\u0159\u00edzen\u00ed Fascia Clinic Prague nab\u00edz\u00ed sv\u00fdm klient\u016fm zdravotnick\u00e9<br \/>slu\u017eby v oboru fyzioterapie.<\/p>\n<p>Po absolvov\u00e1n\u00ed vstupn\u00edho vy\u0161et\u0159en\u00ed v\u00e1m terapeut navrhne mo\u017enosti \u0159e\u0161en\u00ed va\u0161ich zdravotn\u00edch<br \/>pot\u00ed\u017e\u00ed. Po\u010det terapi\u00ed vypl\u00fdv\u00e1 z vyhodnocen\u00ed vstupn\u00edho vy\u0161et\u0159en\u00ed terapeutem, z povahy obt\u00ed\u017e\u00ed, z<br \/>va\u0161ich objektivn\u00edch i subjektivn\u00edch pot\u0159eb a je ur\u010den na z\u00e1klad\u011b dohody. U n\u00e1s m\u00e1te mo\u017enost<br \/>aktivn\u011b se zapojit do \u0159e\u0161en\u00ed sv\u00fdch zdravotn\u00edch probl\u00e9m\u016f MOTIVOVAN\u00dd PACIENT.<br \/>Podle terapeutick\u00e9ho pl\u00e1nu a va\u0161ich \u010dasov\u00fdch mo\u017enost\u00ed si dal\u0161\u00ed term\u00edny n\u00e1v\u0161t\u011bv a jejich<br \/>\u010dasov\u00e9 odstupy dohodnete p\u0159\u00edmo s\u00a0terapeutem. V\u00a0r\u00e1mci absolvov\u00e1n\u00ed Vstupn\u00edho<br \/>kineziologick\u00e9ho rozboru tedy budete sezn\u00e1meni s\u00a0mo\u017enostmi \u0159e\u0161en\u00ed va\u0161eho zdravotn\u00edho<br \/>stavu. Va\u0161e objedn\u00e1vka ka\u017ed\u00e9ho term\u00ednu terapie \u00fastn\u00ed, prost\u0159ednictv\u00edm info@fascia.cz nebo<br \/>telefonicky je v\u00a0souladu s\u00a0platn\u00fdmi p\u0159edpisy pova\u017eov\u00e1na za Objedn\u00e1n\u00ed slu\u017eby a je z\u00e1vazn\u00e1.<\/p>\n<p>V na\u0161em NZZ je ka\u017ed\u00fd term\u00edn terapie p\u0159edem z\u00e1vazn\u011b objednan\u00fd. Je povinnost\u00ed klienta se na<br \/>n\u011bj dostavit. Pokud se klient nem\u016f\u017ee z v\u00e1\u017en\u00fdch d\u016fvod\u016f dostavit, je povinen se nejpozd\u011bji do<br \/>24hod. p\u0159ed kon\u00e1n\u00edm terapie omluvit. Pokud tak neu\u010din\u00ed, NZZ Fascia Clinic Prague bude<br \/>po\u017eadovat storno poplatek jako n\u00e1hradu n\u00e1klad\u016f a u\u0161l\u00e9ho zisku zp\u016fsoben\u00e9 nevyu\u017eit\u00fdm \u010dasem<br \/>terapeuta a neobsazen\u00fdm prostorem v\u00a0ordinaci ve v\u00fd\u0161i 100% ceny terapie p\u0159i jeho dal\u0161\u00ed<br \/>objedn\u00e1vce. Pokud si klient najednou objedn\u00e1 v\u00edce terapi\u00ed a bez omluvy (domluvy<br \/>s\u00a0terapeutem) se na prvn\u00ed z\u00a0nich nedostav\u00ed, automaticky ru\u0161\u00edme jeho dal\u0161\u00ed objednan\u00e9 term\u00edny.<br \/>NZZ m\u00e1 pr\u00e1vo dal\u0161\u00ed objedn\u00e1vky term\u00edn\u016f od takov\u00e9ho klienta nep\u0159ijmout.<\/p>\n<p>Pokud domluven\u00e1 terapie nem\u016f\u017ee prob\u011bhnout z d\u016fvodu vznikl\u00fdch na stran\u011b NZZ, je na\u0161\u00ed<br \/>povinnost\u00ed v\u00e1s co nejd\u0159\u00edve o t\u00e9to skute\u010dnosti informovat a nab\u00eddnout v\u00e1m jin\u00fd nejbli\u017e\u0161\u00ed<br \/>n\u00e1hradn\u00ed term\u00edn.<\/p>\n<p>D\u00e9lka Vstupn\u00edho kineziologick\u00e9ho rozboru je 90 minut, d\u00e9lka terapie je 60 minut a to v\u010detn\u011b<br \/>\u010dasu pro v\u00e1s na p\u0159\u00edpravu na vy\u0161et\u0159en\u00ed, z\u00e1pisu do zdravotn\u00ed dokumentace a vystaven\u00ed dokladu o<br \/>zaplacen\u00ed. \u010cas, po kter\u00fd se v\u00e1m terapeut intenzivn\u011b v\u011bnuje, je tedy 80 minut u Vstupn\u00edho<br \/>kineziologick\u00e9ho rozboru a 50 minut u b\u011b\u017en\u00e9 terapie.<\/p>\n<p>Platn\u00fd cen\u00edk najdete na na\u0161em webu <a href=\"\/cenik\/\">zde<\/a> a v ti\u0161t\u011bn\u00e9 podob\u011b v prostor\u00e1ch<br \/>\u010dek\u00e1rny NZZ Fascia Clinic Prague. NZZ Fascia Clinic Prague m\u00e1 pr\u00e1vo m\u011bnit cen\u00edk<br \/>poskytovan\u00fdch slu\u017eeb. Na p\u0159\u00edpadn\u00e9 zm\u011bny ji\u017e objednan\u00e9 klienty v\u010das upozorn\u00edme.<br \/>V\u00edce podrobnost\u00ed o vz\u00e1jemn\u00fdch vztaz\u00edch mezi n\u00e1mi jako poskytovatelem slu\u017eeb a v\u00e1mi jako<br \/>klientem najdete v na\u0161ich <a href=\"\/vseobecne-obchodni-podminky\/\">V\u0161eobecn\u00fdch obchodn\u00edch podm\u00ednk\u00e1ch<\/a>.<\/p>\n<p>[\/et_pb_text][\/et_pb_column][et_pb_column type=&#8220;2_5&#8243; _builder_version=&#8220;4.19.4&#8243; _module_preset=&#8220;default&#8220; global_colors_info=&#8220;{}&#8220;][\/et_pb_column][\/et_pb_row][\/et_pb_section]<\/p>\n","protected":false},"excerpt":{"rendered":"<p>PRAVIDLA OBJEDN\u00c1N\u00cd A POSKYTOV\u00c1N\u00cd SLU\u017dEB Nest\u00e1tn\u00ed zdravotnick\u00e9 za\u0159\u00edzen\u00ed Fascia Clinic Prague nab\u00edz\u00ed sv\u00fdm klient\u016fm zdravotnick\u00e9slu\u017eby v oboru fyzioterapie. Po absolvov\u00e1n\u00ed vstupn\u00edho vy\u0161et\u0159en\u00ed v\u00e1m terapeut navrhne mo\u017enosti \u0159e\u0161en\u00ed va\u0161ich zdravotn\u00edchpot\u00ed\u017e\u00ed. Po\u010det terapi\u00ed vypl\u00fdv\u00e1 z vyhodnocen\u00ed vstupn\u00edho vy\u0161et\u0159en\u00ed terapeutem, z povahy obt\u00ed\u017e\u00ed, zva\u0161ich objektivn\u00edch i subjektivn\u00edch pot\u0159eb a je ur\u010den na z\u00e1klad\u011b dohody. U n\u00e1s m\u00e1te mo\u017enostaktivn\u011b [&hellip;]<\/p>\n","protected":false},"author":1,"featured_media":0,"parent":0,"menu_order":0,"comment_status":"closed","ping_status":"closed","template":"","meta":{"_et_pb_use_builder":"on","_et_pb_old_content":"","_et_gb_content_width":"","footnotes":""},"class_list":["post-388","page","type-page","status-publish","hentry"],"_links":{"self":[{"href":"https:\/\/fascia.cz\/wordpress\/wp-json\/wp\/v2\/pages\/388","targetHints":{"allow":["GET"]}}],"collection":[{"href":"https:\/\/fascia.cz\/wordpress\/wp-json\/wp\/v2\/pages"}],"about":[{"href":"https:\/\/fascia.cz\/wordpress\/wp-json\/wp\/v2\/types\/page"}],"author":[{"embeddable":true,"href":"https:\/\/fascia.cz\/wordpress\/wp-json\/wp\/v2\/users\/1"}],"replies":[{"embeddable":true,"href":"https:\/\/fascia.cz\/wordpress\/wp-json\/wp\/v2\/comments?post=388"}],"version-history":[{"count":2,"href":"https:\/\/fascia.cz\/wordpress\/wp-json\/wp\/v2\/pages\/388\/revisions"}],"predecessor-version":[{"id":392,"href":"https:\/\/fascia.cz\/wordpress\/wp-json\/wp\/v2\/pages\/388\/revisions\/392"}],"wp:attachment":[{"href":"https:\/\/fascia.cz\/wordpress\/wp-json\/wp\/v2\/media?parent=388"}],"curies":[{"name":"wp","href":"https:\/\/api.w.org\/{rel}","templated":true}]}}

<p>[et_pb_section fb_built=&#8220;1&#8243; custom_padding_last_edited=&#8220;on|phone&#8220; admin_label=&#8220;Header&#8220; _builder_version=&#8220;4.19.4&#8243; background_color=&#8220;#e61845&#8243; background_enable_image=&#8220;off&#8220; background_position=&#8220;top_center&#8220; background_vertical_offset=&#8220;21%&#8220; max_height=&#8220;100px&#8220; custom_padding=&#8220;0px|0px|0px|0px|true|true&#8220; custom_padding_tablet=&#8220;|10vw||&#8220; custom_padding_phone=&#8220;&#8220; global_colors_info=&#8220;{}&#8220; box_shadow_style__hover=&#8220;none&#8220; box_shadow_style__hover_enabled=&#8220;none&#8220; box_shadow_color__hover=&#8220;rgba(0,0,0,0.3)&#8220; box_shadow_color__hover_enabled=&#8220;rgba(0,0,0,0.3)&#8220;][et_pb_row _builder_version=&#8220;4.19.4&#8243; vertical_offset=&#8220;0px&#8220; max_width=&#8220;1400px&#8220; module_alignment=&#8220;center&#8220; custom_padding=&#8220;27px|0px|100px|0px|false|false&#8220; global_colors_info=&#8220;{}&#8220; parallax_1__hover=&#8220;off&#8220; parallax_1__hover_enabled=&#8220;off&#8220; parallax_2__hover=&#8220;off&#8220; parallax_2__hover_enabled=&#8220;off&#8220; parallax_3__hover=&#8220;off&#8220; parallax_3__hover_enabled=&#8220;off&#8220; parallax_4__hover=&#8220;off&#8220; parallax_4__hover_enabled=&#8220;off&#8220; parallax_method_1__hover=&#8220;on&#8220; parallax_method_1__hover_enabled=&#8220;on&#8220; parallax_method_2__hover=&#8220;on&#8220; parallax_method_2__hover_enabled=&#8220;on&#8220; parallax_method_3__hover=&#8220;on&#8220; parallax_method_3__hover_enabled=&#8220;on&#8220; parallax_method_4__hover=&#8220;on&#8220; parallax_method_4__hover_enabled=&#8220;on&#8220;][et_pb_column type=&#8220;4_4&#8243; _builder_version=&#8220;4.19.4&#8243; position_origin_r=&#8220;bottom_left&#8220; custom_padding=&#8220;0px|0px|0px|0px|true|true&#8220; global_colors_info=&#8220;{}&#8220; custom_padding__hover=&#8220;|||&#8220;][et_pb_post_title meta=&#8220;off&#8220; featured_image=&#8220;off&#8220; text_color=&#8220;light&#8220; _builder_version=&#8220;4.19.4&#8243; _module_preset=&#8220;default&#8220; title_text_align=&#8220;center&#8220; custom_margin=&#8220;0px|0px|0px|0px|true|true&#8220; global_colors_info=&#8220;{}&#8220;][/et_pb_post_title][/et_pb_column][/et_pb_row][/et_pb_section][et_pb_section fb_built=&#8220;1&#8243; _builder_version=&#8220;4.19.4&#8243; _module_preset=&#8220;default&#8220; global_colors_info=&#8220;{}&#8220;][et_pb_row column_structure=&#8220;3_5,2_5&#8243; _builder_version=&#8220;4.19.4&#8243; _module_preset=&#8220;default&#8220; width=&#8220;85%&#8220; max_width=&#8220;1400px&#8220; border_width_all=&#8220;20px&#8220; border_color_all=&#8220;#FFFFFF&#8220; global_colors_info=&#8220;{}&#8220;][et_pb_column type=&#8220;3_5&#8243; _builder_version=&#8220;4.19.4&#8243; _module_preset=&#8220;default&#8220; global_colors_info=&#8220;{}&#8220;][et_pb_text _builder_version=&#8220;4.19.4&#8243; _module_preset=&#8220;default&#8220; text_line_height=&#8220;1.9em&#8220; global_colors_info=&#8220;{}&#8220;]</p>
<h3>PRAVIDLA OBJEDNÁNÍ A POSKYTOVÁNÍ SLUŽEB</h3>
<p>Nestátní zdravotnické zařízení Fascia Clinic Prague nabízí svým klientům zdravotnické<br />služby v oboru fyzioterapie.</p>
<p>Po absolvování vstupního vyšetření vám terapeut navrhne možnosti řešení vašich zdravotních<br />potíží. Počet terapií vyplývá z vyhodnocení vstupního vyšetření terapeutem, z povahy obtíží, z<br />vašich objektivních i subjektivních potřeb a je určen na základě dohody. U nás máte možnost<br />aktivně se zapojit do řešení svých zdravotních problémů MOTIVOVANÝ PACIENT.<br />Podle terapeutického plánu a vašich časových možností si další termíny návštěv a jejich<br />časové odstupy dohodnete přímo s terapeutem. V rámci absolvování Vstupního<br />kineziologického rozboru tedy budete seznámeni s možnostmi řešení vašeho zdravotního<br />stavu. Vaše objednávka každého termínu terapie ústní, prostřednictvím info@fascia.cz nebo<br />telefonicky je v souladu s platnými předpisy považována za Objednání služby a je závazná.</p>
<p>V našem NZZ je každý termín terapie předem závazně objednaný. Je povinností klienta se na<br />něj dostavit. Pokud se klient nemůže z vážných důvodů dostavit, je povinen se nejpozději do<br />24hod. před konáním terapie omluvit. Pokud tak neučiní, NZZ Fascia Clinic Prague bude<br />požadovat storno poplatek jako náhradu nákladů a ušlého zisku způsobené nevyužitým časem<br />terapeuta a neobsazeným prostorem v ordinaci ve výši 100% ceny terapie při jeho další<br />objednávce. Pokud si klient najednou objedná více terapií a bez omluvy (domluvy<br />s terapeutem) se na první z nich nedostaví, automaticky rušíme jeho další objednané termíny.<br />NZZ má právo další objednávky termínů od takového klienta nepřijmout.</p>
<p>Pokud domluvená terapie nemůže proběhnout z důvodu vzniklých na straně NZZ, je naší<br />povinností vás co nejdříve o této skutečnosti informovat a nabídnout vám jiný nejbližší<br />náhradní termín.</p>
<p>Délka Vstupního kineziologického rozboru je 90 minut, délka terapie je 60 minut a to včetně<br />času pro vás na přípravu na vyšetření, zápisu do zdravotní dokumentace a vystavení dokladu o<br />zaplacení. Čas, po který se vám terapeut intenzivně věnuje, je tedy 80 minut u Vstupního<br />kineziologického rozboru a 50 minut u běžné terapie.</p>
<p>Platný ceník najdete na našem webu <a href="/cenik/">zde</a> a v tištěné podobě v prostorách<br />čekárny NZZ Fascia Clinic Prague. NZZ Fascia Clinic Prague má právo měnit ceník<br />poskytovaných služeb. Na případné změny již objednané klienty včas upozorníme.<br />Více podrobností o vzájemných vztazích mezi námi jako poskytovatelem služeb a vámi jako<br />klientem najdete v našich <a href="/vseobecne-obchodni-podminky/">Všeobecných obchodních podmínkách</a>.</p>
<p>[/et_pb_text][/et_pb_column][et_pb_column type=&#8220;2_5&#8243; _builder_version=&#8220;4.19.4&#8243; _module_preset=&#8220;default&#8220; global_colors_info=&#8220;{}&#8220;][/et_pb_column][/et_pb_row][/et_pb_section]</p>

<p>PRAVIDLA OBJEDNÁNÍ A POSKYTOVÁNÍ SLUŽEB Nestátní zdravotnické zařízení Fascia Clinic Prague nabízí svým klientům zdravotnickéslužby v oboru fyzioterapie. Po absolvování vstupního vyšetření vám terapeut navrhne možnosti řešení vašich zdravotníchpotíží. Počet terapií vyplývá z vyhodnocení vstupního vyšetření terapeutem, z povahy obtíží, zvašich objektivních i subjektivních potřeb a je určen na základě dohody. U nás máte možnostaktivně [&hellip;]</p>
